o. Calculate the remainder when 0 + (11 + -10)/((-6)/(-237))*12 is divided by o.
4
Suppose -11*m = -282 - 1478. Let o = -148 + m. What is the remainder when 57 is divided by o?
9
Let y(i) = 23*i - 3*i**2 - 29 + 10*i - 12*i + 24*i + 0*i. Suppose -3*d + 6*d - 123 = 0. Calculate the remainder when y(10) is divided by d.
39
Suppose 5*t = 4*l + 80, -2*t + 4*l + 0*l = -32. Suppose -3*p + t = -29. What is the remainder when 69 is divided by p?
9
Let p = 19528 - 19505. What is the remainder when 234 is divided by p?
4
Calculate the remainder when 3492 is divided by (6/8)/((-453)/(-91808)).
148
Suppose 0 = 2*b - 0*b - 346. Let u = -118471 + 118524. What is the remainder when b is divided by u?
14
Let n(j) = -j**2 + j - 6. Let l be n(-3). Let c = l - -32. Suppose c = -m + 25. Calculate the remainder when m is divided by 5.
1
Let y(a) = -723*a + 9468. What is the remainder when 11039 is divided by y(13)?
68
Suppose 3*c - 1 = 203. Let n be (0 - 60)*(-12)/30. Let p = -10 + n. Calculate the remainder when c is divided by p.
12
What is the remainder when 225 is divided by (8 + 540/(-80))*64?
65
Suppose 0 = -59*p + 23*p - 324. Let r(s) = s**3 + 7*s**2 - 26*s - 2. Calculate the remainder when r(p) is divided by 18.
16
Let y be 0 + (4*-15)/(-4). Suppose 3*z = -y + 60. Suppose 4*s - u - z - 16 = 0, 4*s + u = 41. What is the remainder when 25 is divided by s?
7
Let g(v) = v**3 + 14*v**2 - 4*v - 35. Let q be g(-13). Suppose -27 = -q*c + 185*c. What is the remainder when 46 is divided by c?
19
Let l be 3 + 0/(1 - -2). Suppose t + 40 = l*t. What is the remainder when ((-702)/(-4))/(-3)*(-18)/9 is divided by t?
17
Suppose 69*y + 145*y = 1042 + 14366. What is the remainder when 9789 is divided by y?
69
Let r be (-5)/(40/907) - 3/(-8). Let z = r + 134. Calculate the remainder when 36 is divided by z.
15
Suppose 3*n - 4*f + 1308 = 0, -2*f = 3*n - 257 + 1583. Let k = 452 + n. What is the remainder when 45 is divided by k?
9
Suppose 0*o - 4*p = 5*o - 1895, 0 = 2*p. Suppose 4*z + o = 1007. Let v = z - 102. Calculate the remainder when v is divided by 28.
27
Suppose 252*l - 3*z + 953 = 254*l, -z + 5 = 0. Calculate the remainder when l is divided by 101.
65
Let r(t) = 10*t + 5. Let k(m) = -29*m - 14. Let n(p) = 6*k(p) + 17*r(p). Calculate the remainder when 1/((9/(-18))/(89/(-2))) is divided by n(-2).
8
Let k be 4 - 190/((-10)/(-2)). Let c be -3 - (-3 - (k + 2)). Let j = c - -37. Calculate the remainder when 13 is divided by j.
3
Suppose 33*g - 10782 = 7*g + 2218. What is the remainder when g is divided by 22?
16
Let s = -909 + 1349. Suppose -324*g + s = -319*g. Calculate the remainder when g is divided by 4/(-8)*6 - -33.
28
Let z be -70*(5/25 + -1). Suppose -u - z = -5*g, 10*g = 15*g + u - 54. Calculate the remainder when 791 is divided by g.
10
Suppose 48 = -1847*m + 1853*m. Let j = 27 + -6. Calculate the remainder when j is divided by m.
5
Let w = 55 - 53. Suppose 3*m = -w*m + 25. Suppose 0 = 5*p + m, -4 + 19 = f - 4*p. Calculate the remainder when 54 is divided by f.
10
Let i(v) be the third derivative of v**6/120 + v**5/2 - 5*v**4/4 + 67*v**3/6 - v**2 - 11. Calculate the remainder when 68 is divided by i(-31).
32
Let t = -305 + 641. Suppose 399 = 7*p - t. Suppose p = 35*x - 28*x. What is the remainder when 57 is divided by x?
12
Suppose -3*t + 18 = z - 964, 5*t + 3*z - 1642 = 0. Calculate the remainder when t is divided by 165.
161
Let w(k) = 3*k**2 - k - 2. Suppose -x = 3, 47*x + 32 = 2*i + 51*x. What is the remainder when i is divided by w(-2)?
10
Suppose 5*b + 1755 = -5*z, 2*z + 3*b + 20 = -678. Let k = z + 364. What is the remainder when 30 is divided by k?
3
Calculate the remainder when (-5)/((-20)/4294) - (-20)/(-40) is divided by 98.
93
Let v(z) = -2*z**3 - z**2 + 3*z - 15. Let q be v(-4). Suppose 22 = u - x, -q = -u - 3*u + 3*x. What is the remainder when 35 is divided by u?
16
Let k = -236 + 237. Suppose 4*t = 5*r + 117, 82 + k = 3*t + r. What is the remainder when 221 is divided by t?
25
Let t(i) = -3*i**2 - 3*i - 6. Let l be t(-2). What is the remainder when 109 is divided by (-330)/(-7) + l/84?
15
Let t(m) = 6 + 3*m**2 + 47*m + 10*m**2 - 61*m. What is the remainder when t(4) is divided by 43?
29
Let b(o) = 1011*o - 4910. Calculate the remainder when b(6) is divided by 228.
16
Suppose -3*y - 14 = f, y - 4*y + 4*f - 34 = 0. What is the remainder when 105 - ((-12)/(-3) + y) is divided by (-684)/627 - 816/(-22)?
35
Suppose 7869 = 751*m - 4147. Calculate the remainder when -5*((-112)/(-5))/(-2) is divided by m.
8
Let d be (-4)/((-4)/3) + -2. Let i = 3740 + -3593. What is the remainder when i is divided by d*-2*(-50)/4?
22
Suppose 0 = 6*c - 7000 + 1960. Suppose 32*j - 12*j = c. Calculate the remainder when j is divided by (-2 - 1)/((-3)/15).
12
Suppose 5*c = 3*z + 9433, 3*z = 4*c - 338 - 7209. Calculate the remainder when c is divided by 118.
116
Calculate the remainder when 1042/(-6)*6/(-5 + 3) is divided by 22.
15
Suppose 330*l - 252 = 328*l. What is the remainder when l is divided by 63?
0
Suppose m - 770 = -2*h - 720, -5*h + 103 = -3*m. What is the remainder when 188 is divided by h?
4
Let s be ((-65)/(-10) - -4)*(-544)/12. Let t = s + 506. Suppose 6*k - 54 = 3*k. Calculate the remainder when t is divided by k.
12
Let x(a) = a**3 + a. Let r(o) = -o**3 + 14*o**2 - 11*o + 18. Let q(s) = -r(s) - 2*x(s). Calculate the remainder when q(-15) is divided by 1*(-1)/3*-57.
15
Let f(l) = -l**3 + 50*l**2 - 49*l + 34. Calculate the remainder when 171 is divided by f(49).
1
Let f = -39 + 69. Let d be 68/6 - 5/(f/(-4)). Suppose -d*b + 602 = 2*b. Calculate the remainder when b is divided by 9.
7
Let j = 11 + 28. What is the remainder when j is divided by (119/(-85) + 3)*(-4 - (-39)/6)?
3
Let o(b) = -8*b - 119. Let d be (11 - 9)*5/2. Let k(l) = -l**3 + 5*l**2 + 3*l - 3. What is the remainder when o(-19) is divided by k(d)?
9
Suppose -2*y = 4*r - 684, 2*y - 356 - 325 = -3*r. Let w = y - 224. Suppose -w = -15*q + 13*q. Calculate the remainder when q is divided by 19.
18
Suppose 5*y = 57 - 12. Suppose -39 = -5*a - 3*m + 69, -5*a + m = -124. Calculate the remainder when a is divided by y.
6
Suppose -t - 3*t = -8. Let w be t/13 - (-776)/26. Let i = -20 + w. What is the remainder when 47 is divided by i?
7
Let t be (-204)/(-32) - -2 - 12/32. What is the remainder when 63 is divided by (119/28)/((-22)/t + 3)?
12
Let p = -31614 + 31628. Calculate the remainder when 47598 is divided by p.
12
Let h(w) = 472*w**2 + 26*w + 76. What is the remainder when h(-3) is divided by 13?
8
Suppose -97*p - 1242 = -257*p + 1958. Calculate the remainder when 1653 is divided by p.
13
Suppose 4*i - 580 = -i. Suppose 0 = -54*r + 53*r + 3*h + 22, 55 = 5*r - 4*h. Calculate the remainder when i is divided by r.
4
Suppose 25 = 39*r - 34*r. Let l = r + -2. Suppose d = 6*d + 15, j + l*d = 25. Calculate the remainder when 98 is divided by j.
30
Let m = 34643 - 34614. Calculate the remainder when 21805 is divided by m.
26
Suppose -624 = -8*z + 4*v + 1048, -450 = -2*z + 5*v. Calculate the remainder when 9629 is divided by z.
199
Let b = -23687 - -23709. What is the remainder when 64 is divided by b?
20
Let a(x) = -2*x + 4. Let m be a(2). Suppose 38*i - 47*i + 288 = m. Let u(p) = 4*p**2 - 10*p + 9. What is the remainder when u(6) is divided by i?
29
Let h = 2 + 21. Suppose a + h = 14. Let n = a + 20. Calculate the remainder when n is divided by 3.
2
Let w be ((-2160)/(-42))/(1/(-7)). Let b = w + 376. Calculate the remainder when b is divided by 4.
0
Let p = 1487 - 886. What is the remainder when p is divided by 121?
117
Suppose 0*u - 4 = -u. Calculate the remainder when (168/(-7) - -79) + -35 is divided by u.
0
Let h = 921 + -808. What is the remainder when h is divided by 38?
37
Suppose 2*b + 197 = -4*i + 669, 121 = i - b. Suppose -23 = 3*c - i. What is the remainder when c is divided by 12?
8
Let w(f) = -f**2 + 7*f - 3. Let c be w(8). Let b(x) = -5*x - 46. Let j be b(c). Suppose 0 = -5*v + 16 + j. What is the remainder when 54 is divided by v?
4
Suppose -i + 703 = -h, 3*h = 5*i + 843 - 4370. What is the remainder when i is divided by 282?
145
Let k(z) = 2135*z - 6. Calculate the remainder when k(7) is divided by 166.
165
Let l(f) = f**3 - f**2 - 8*f - 10. Let z be l(7). Let a = 262 - z. Calculate the remaind